n 35731 is divided by 2747.
20
Calculate the remainder when 606823 is divided by 2851.
2411
Calculate the remainder when 10335511 is divided by 889.
886
Calculate the remainder when 274081 is divided by 5594.
5569
Calculate the remainder when 15497215 is divided by 3874256.
191
What is the remainder when 4071175 is divided by 531?
529
What is the remainder when 24071794 is divided by 17?
15
Calculate the remainder when 88307462 is divided by 29435805.
47
Calculate the remainder when 357060 is divided by 6492.
0
Calculate the remainder when 5319702 is divided by 2659713.
276
What is the remainder when 119641246 is divided by 61?
55
Calculate the remainder when 27023834 is divided by 113.
110
What is the remainder when 154806 is divided by 75940?
2926
Calculate the remainder when 56704584 is divided by 135.
129
Calculate the remainder when 72880 is divided by 18201.
76
Calculate the remainder when 3084843 is divided by 410.
3
What is the remainder when 628874941 is divided by 987?
982
What is the remainder when 55984 is divided by 1641?
190
What is the remainder when 19107312 is divided by 9553656?
0
Calculate the remainder when 11930742 is divided by 644.
642
What is the remainder when 1028059 is divided by 8163?
7684
What is the remainder when 11247816 is divided by 2811950?
16
Calculate the remainder when 9064470 is divided by 178.
176
Calculate the remainder when 32778851 is divided by 43.
37
What is the remainder when 59910 is divided by 14845?
530
What is the remainder when 198133 is divided by 197215?
918
What is the remainder when 131554 is divided by 335?
234
Calculate the remainder when 2431189 is divided by 859.
219
What is the remainder when 6139439 is divided by 10?
9
Calculate the remainder when 5452944 is divided by 2983.
20
What is the remainder when 2593322 is divided by 942?
938
Calculate the remainder when 3982551 is divided by 398254.
11
Calculate the remainder when 3947274 is divided by 73.
18
Calculate the remainder when 32437043 is divided by 4956.
23
What is the remainder when 98704631 is divided by 9?
2
What is the remainder when 6211079 is divided by 60?
59
What is the remainder when 75859 is divided by 72816?
3043
What is the remainder when 15303795 is divided by 73?
2
Calculate the remainder when 240559 is divided by 1119.
1093
Calculate the remainder when 19019719 is divided by 322368.
7
What is the remainder when 34952987 is divided by 14?
13
Calculate the remainder when 267877215 is divided by 19.
15
What is the remainder when 442967 is divided by 1758?
1709
What is the remainder when 2017051 is divided by 1005?
16
What is the remainder when 523871 is divided by 629?
543
Calculate the remainder when 27780 is divided by 26372.
1408
What is the remainder when 501527 is divided by 3898?
2583
Calculate the remainder when 19036038 is divided by 23243.
21
What is the remainder when 1230477 is divided by 8981?
80
Calculate the remainder when 3630876 is divided by 69.
27
Calculate the remainder when 89009754 is divided by 708.
702
Calculate the remainder when 312115 is divided by 1743.
118
What is the remainder when 34931 is divided by 4984?
43
What is the remainder when 4273366 is divided by 427334?
26
Calculate the remainder when 530041 is divided by 75647.
512
What is the remainder when 119886 is divided by 479?
136
Calculate the remainder when 83302757 is divided by 3203952.
5
Calculate the remainder when 168984 is divided by 56284.
132
Calculate the remainder when 15511 is divided by 1720.
31
Calculate the remainder when 13356144 is divided by 310608.
0
Calculate the remainder when 1090503 is divided by 11853.
27
Calculate the remainder when 161972 is divided by 23092.
328
What is the remainder when 74162329 is divided by 687?
679
What is the remainder when 58670 is divided by 19496?
182
Calculate the remainder when 167059994 is divided by 14.
10
Calculate the remainder when 8546243 is divided by 1768.
1499
What is the remainder when 46694 is divided by 9259?
399
Calculate the remainder when 39869346 is divided by 230.
226
Calculate the remainder when 62445 is divided by 31145.
155
What is the remainder when 31970333 is divided by 51?
14
What is the remainder when 6299077 is divided by 126?
85
What is the remainder when 96846 is divided by 2492?
2150
Calculate the remainder when 533611 is divided by 18400.
11
Calculate the remainder when 296561218 is divided by 12.
10
Calculate the remainder when 3151955 is divided by 175.
30
Calculate the remainder when 6610062 is divided by 1116.
1110
Calculate the remainder when 10204026 is divided by 1700669.
12
What is the remainder when 100702702 is divided by 71?
65
What is the remainder when 700982 is divided by 26?
22
What is the remainder when 59756 is divided by 27935?
3886
Calculate the remainder when 172808 is divided by 404.
300
What is the remainder when 484141 is divided by 15129?
13
Calculate the remainder when 18535349 is divided by 1090314.
11
What is the remainder when 33552 is divided by 17?
11
What is the remainder when 19235852 is divided by 27?
26
Calculate the remainder when 120302 is divided by 688.
590
Calculate the remainder when 1150260 is divided by 1895.
1890
What is the remainder when 425039 is divided by 828?
275
Calculate the remainder when 641810 is divided by 213305.
1895
What is the remainder when 6205684 is divided by 60840?
4
Calculate the remainder when 34723245 is divided by 11574414.
3
What is the remainder when 873079 is divided by 207?
160
Calculate the remainder when 34328798 is divided by 1035.
953
What is the remainder when 12047728 is divided by 465?
43
What is the remainder when 105053099 is divided by 2704?
2699
Calculate the remainder when 436782 is divided by 6933.
3
What is the remainder when 114542449 is divided by 275?
274
What is the remainder when 207780 is divided by 460?
320
Calculate the remainder when 14904 is divided by 14457.
447
What is the remainder when 5692736 is divided by 400?
336
What is the remainder when 123205 is divided by 23168?
7365
What is the remainder when 2382043 is divided by 8477?
6
What is the remainder when 1148514 is divided by 8383?
43
What is the remainder when 1997033 is divided by 124812?
41
Calculate the remainder when 49369 is divided by 139.
24
Calculate the remainder when 92594 is divided by 18185.
1669
Calculate the remainder when 128387 is divided by 3730.
1567
What is the remainder when 1106688 is divided by 768?
0
Calculate the remainder when 4689335 is divided by 4.
3
Calculate the remainder when 1811485 is divided by 2891.
1719
What is the remainder when 938032 is divided by 936983?
1049
Calculate the remainder when 20151 is divided by 9886.
379
Calculate the remainder when 8081078 is divided by 2193.
2066
Calculate the remainder when 9935539 is divided by 82796.
19
Calculate the remainder when 13631 is divided by 877.
476
What is the remainder when 90764 is divided by 18135?
89
What is the remainder when 398020 is divided by 387?
184
Calculate the remainder when 564697 is divided by 282055.
587
What is the remainder when 20766 is divided by 19913?
853
What is the remainder when 47879633 is divided by 22?
21
What is the remainder when 2386966 is divided by 149185?
6
What is the remainder when 3865863 is divided by 17?
12
Calculate the remainder when 358333 is divided by 27563.
14
Calculate the remainder when 539471 is divided by 1357.
742
What is the remainder when 22807 is divided by 174?
13
Calculate the remainder when 9421594 is divided by 856507.
17
What is the remainder when 7071475 is divided by 763?
754
Calculate the remainder when 751177 is divided by 2122.
2111
Calculate the remainder when 464421 is divided by 563.
509
Calculate the remainder when 38781438 is divided by 29269.
13
Calculate the remainder when 143463 is divided by 17926.
55
Calculate the remainder when 385470 is divided by 8199.
117
Calculate the remainder when 62936 is divided by 6291.
26
Calculate the remainder when 4907249 is divided by 4907221.
28
What is the remainder when 1161994 is divided by 56?
50
What is the remainder when 2922944 is divided by 1371?
1343
What is the remainder when 74919 is divided by 74025?
894
Calculate the remainder when 6592864 is divided by 3296425.
14
What is the remainder whe